actors of y?
2
Let p(l) = -40*l - 27. What are the prime factors of p(-3)?
3, 31
Let y(a) = a**3 - 1. Let u be y(0). Let i be (-2 + u/(-2))*-8. Let z = i + -5. List the prime factors of z.
7
Suppose -5*t + 3*g - 45 = 0, 0*t = -3*t + 4*g - 16. Let y be t/42*7*-1. What are the prime factors of (-2)/((-4)/y) + 8?
3
Let s(y) = y**3 - 7*y**2 - y - 1. Let b be s(5). Let z = -32 - b. List the prime factors of z.
2, 3
Suppose 2*t - 5 = 13. Let r(k) = k**2 - 6*k - 7. List the prime factors of r(t).
2, 5
Let y be ((-28)/21)/(2/(-6)). Let b be y - (0 - (2 - 0)). List the prime factors of (-4)/b + 22/6.
3
Let l = 12 - 21. Let q = 14 + l. List the prime factors of q.
5
Let z = -24 - -44. What are the prime factors of z?
2, 5
Let p(j) = j**3 - 7*j**2 + 3. Let k be p(7). Suppose -k*r + 5*r = 8. List the prime factors of r.
2
Let y = 487 + -335. List the prime factors of y.
2, 19
Let i(d) = 3*d**2 + 7*d + 2. What are the prime factors of i(-6)?
2, 17
Let y = -8 + -1. List the prime factors of ((-12)/y)/(8/36).
2, 3
Let k(q) = 14*q**2. Let i be k(-1). Suppose i = -3*l + 38. What are the prime factors of l?
2
Let i be (-1 - -2) + 9/3. Suppose -i*y = -4, -3*y - 14 = -3*s + y. List the prime factors of s.
2, 3
List the prime factors of (9/(-12))/((-1)/136).
2, 3, 17
Let b(l) = l + 4. Let r(v) = 1. Let d(s) = b(s) - r(s). Let c be d(0). Suppose 5*i = -4*z - 9, -5*z + 9 + 26 = -c*i. What are the prime factors of z?
2
Suppose 16 = 2*k + 2*x, -4*k + 4*x = 2*x - 2. Suppose 0 = j - 2*j + k. List the prime factors of j.
3
Suppose 0 = 3*d + d - 1076. What are the prime factors of d?
269
List the prime factors of 1/2 + 111*(-5)/(-6).
3, 31
What are the prime factors of 1138/14 - 8/28?
3
Suppose 34 = -2*m + 104. List the prime factors of m.
5, 7
Suppose 3*m = 1 + 2. List the prime factors of -2*(m*-4 + 0).
2
Let g = 3 + 1. Suppose n = 3*n - g. Suppose 0*v - v = -n. What are the prime factors of v?
2
Let m(c) = -2*c + 3*c - 7*c**2 + 7*c**2 + 17*c**3. List the prime factors of m(1).
2, 3
Let m = -148 - -223. Let i = m - 37. What are the prime factors of i?
2, 19
Suppose h + x - 19 = -3*x, 2*x = 8. Suppose -2*s + 5*c = -26, 5*s - 19 = -2*c + h*c. What are the prime factors of s?
3
Let d be -4 + -1 - (3 + 0). Let l(t) = -t - 3. List the prime factors of l(d).
5
Suppose 1029 = -2*j + 9*j. List the prime factors of j.
3, 7
Suppose 0 = 3*h + 16 + 8. Suppose -3*o + 30 + 3 = -2*i, -4*i = -12. Let m = h + o. List the prime factors of m.
5
Suppose 0 = -7*s + 11*s - 20. Suppose -a + 2*a - s*c = 32, -2*c = 0. What are the prime factors of a?
2
Suppose 0 = -5*k + 5, i = k - 1 + 2. What are the prime factors of i?
2
Suppose 5*w = 229 - 39. What are the prime factors of w?
2, 19
List the prime factors of (65 - (0 + 4))*1.
61
Let u(h) be the first derivative of h**3/3 + 9*h**2/2 + 11*h + 1. Let k(t) = -t**3 - 3*t**2 + 3*t + 1. Let f be k(-3). What are the prime factors of u(f)?
3
Suppose 0 = -5*w + 2*d - 61, 0 = -5*w - 2*d + 6*d - 57. Let z = w - -98. Suppose a + 4*a = z. List the prime factors of a.
17
Suppose -30 = -4*m - 2*x, -3*x + 0*x = -2*m + 3. Suppose 6*z - m = 3*z. List the prime factors of z.
2
Let v = 370 + -61. What are the prime factors of v?
3, 103
Suppose 4*a = a + 30. List the prime factors of a.
2, 5
Let u(c) = 15*c**2 + c - 1. Let m be u(1). Let a = 67 - m. What are the prime factors of a?
2, 13
Suppose -3*b + 4*g = -2, g + g = -4*b + 10. Let f(w) = 3 + 3*w**3 - 3 - 4*w**2 - 4*w**3 - 6 + b*w. List the prime factors of f(-5).
3
Suppose -w - 2*w - 5*h = -94, 2*h - 144 = -4*w. What are the prime factors of w?
2, 19
Let z = 95 - -95. What are the prime factors of z?
2, 5, 19
Suppose -2*m + 8 = 3*i + 44, 0 = -4*i + 5*m - 48. Let q be (-2)/i + (-29)/(-6). Suppose 20 = q*x - 3*x. List the prime factors of x.
2, 5
Let t(y) = -2*y**2 - 18*y - 8. Let k be t(-8). Suppose k = -o + 3*o. What are the prime factors of o?
2
List the prime factors of (4/(-5))/(10/(-25)).
2
Let q = 2 + 2. Let s be ((-6)/q)/((-1)/2). Suppose c - 6 = -s. What are the prime factors of c?
3
Suppose 3*v + 6 - 24 = 0. Let x = v + -3. Let w(z) = 2*z - 3. What are the prime factors of w(x)?
3
Suppose 0*h = 2*h - 60. Suppose -3*r + r + h = 0. What are the prime factors of r?
3, 5
Let o(w) = w**2 - 8*w + 8. Let q be o(6). Let l = q + 34. List the prime factors of (l/(-9))/((-1)/3).
2, 5
Let p(a) = -4*a + 10*a - 5 + 6 + 4*a. List the prime factors of p(1).
11
Let v(c) = 2*c - 2. List the prime factors of v(4).
2, 3
Suppose 0*g = -2*g + c + 5, 4*g - c - 9 = 0. Suppose 2 = 4*y + 2*m, y - 4*y = -g*m - 12. Suppose y*i - 1 = 3. What are the prime factors of i?
2
Let o(q) = q**2 + q - 3. Let j be o(-5). Suppose -5*p - 3*d = -j, 4*p - 7*d = -2*d + 21. List the prime factors of p.
2
Let r = -7 - -5. What are the prime factors of (-5 + r)*(-10)/7?
2, 5
Suppose 2*s + 0*s + 12 = 0. Let t(i) = i**2 + 2*i + 9. Let x be t(s). Suppose -2*c = 5*w + 2 + 1, 5*c - w = x. List the prime factors of c.
2, 3
Suppose -388 = -c - 103. What are the prime factors of 10/(-15) - c/(-9)?
31
Suppose 2*o = -o + 45. Let u = o + -3. List the prime factors of u.
2, 3
Suppose -4*g + g = 5*j - 266, -2*g = -4*j - 192. List the prime factors of g.
2, 23
What are the prime factors of 4/(172/(-88) - -2)?
2, 11
Suppose -d + 5*d = m - 3, 4*m - 12 = 5*d. Suppose -i + m*i = 22. What are the prime factors of i?
11
Suppose 2*m + 28 = -0. Let r = m + 8. What are the prime factors of r/(-2)*(-22)/(-6)?
11
What are the prime factors of 8/5*(-930)/(-12)?
2, 31
Let j = 3 - 3. Suppose f + j*f - 15 = 3*a, 4*f - a = 16. Suppose 0 = f*z - 36 - 9. List the prime factors of z.
3, 5
Let q(t) = t**3 - 8*t**2 + 9*t - 10. Let h be q(7). Suppose -20 = 5*l, -h*i - 39 = -4*l - 143. List the prime factors of i.
2, 11
Suppose -3*r + c = -20, -2*r + 7*r + 4*c = 5. List the prime factors of r.
5
Let i = 90 - 58. Suppose 0 = m + 3*m - i. Suppose -5*r + 28 = 2*h + m, 49 = 3*h - 2*r. What are the prime factors of h?
3, 5
Suppose 2*x + 6 = 5*x. Suppose 7*u = 2*u + 10, x*u - 46 = -3*k. List the prime factors of k.
2, 7
Suppose 0 = 13*v - 14*v. Suppose y - 9 - 7 = v. What are the prime factors of y?
2
Suppose 14*q = 9*q + 1095. What are the prime factors of q?
3, 73
Let w be (-1*8)/((-1)/3). Suppose 2*d + 4 = w. What are the prime factors of (-5 + 0)*d/(-25)?
2
Suppose u + 120 = 4*v, -3*u + 1 + 11 = 0. List the prime factors of v.
31
Suppose 4*d + 9 = -3*n + 48, n + 39 = 3*d. Let s be (-16)/(-6)*(-27)/d. Let o = 2 - s. List the prime factors of o.
2
Suppose -2*m + 104 = -0*m. What are the prime factors of m?
2, 13
Suppose 5*y - 50 = 5*w, -8 = -y + 4*w + 8. What are the prime factors of y?
2
Suppose 6 = 3*h + 3*o, 0 = -h - 3*h - o + 20. Let d = 10 - h. What are the prime factors of d?
2
Let u = 63 + -38. Suppose -u = -4*h + 67. What are the prime factors of h?
23
Suppose -5 + 49 = 4*a. Let z = a - 26. What are the prime factors of 54/10 + 6/z?
5
Let u = -76 + 239. What are the prime factors of u?
163
Let g = 45 - 13. List the prime factors of g.
2
Suppose 3*b - 2*b + 4*s = 123, -3*b + 3*s = -339. List the prime factors of b.
5, 23
Suppose 2*a + a + 90 = 0. Let y = a + 45. What are the prime factors of y?
3, 5
Let i(d) = d**3 + 27*d**2 + 17*d - 62. What are the prime factors of i(-26)?
2, 43
Let b(q) = -q**2 + 3*q. Let z be b(3). Suppose -4*o - o + 40 = z. Suppose -w + 5*w - o = 0. What are the prime factors of w?
2
Let y(h) be the third derivative of -3*h**4/8 - 7*h**3/3 - h**2. What are the prime factors of y(-7)?
7
Let t(y) = y**3 - 2*y**2 + y - 2. Let f be t(3). Let u be 0 + 1 - 3 - -3. Suppose f - u = b. List the prime factors of b.
3
What are the prime factors of ((-10)/20)/(2/(-144))?
2, 3
Suppose -t = -2*t + 21. Let d = t - 7. List the prime factors of d.
2, 7
Let a(k) = -k**2 + 16. Let l(f) = f**2 + 2*f + 1. Let d be l(-1). Suppose d*t - 4*t = 0. List the prime factors of a(t).
2
What are the prime factors of (279/(-27))/((-2)/6)?
31
Let i = 56 + 19. What are the prime factors of i?
3, 5
Suppose 2 = -c + 32. List the prime factors of c.
2, 3, 5
Let q = 17 - 29. Let b = q + 19. Suppose 2*j + 2*c - 10 = 0, -2*c - b = 3*j - 24. What are the prime factors of j?
7
Suppose -h = 5*x + 13, -4*x - 17 - 3 = -4*h. Suppose 2*l - 3*r - 7 = 0, 0 = -3*r - h - 1. List the prime factors of l.
2
